







{"id":2,"date":"2021-02-26T18:16:53","date_gmt":"2021-02-26T17:16:53","guid":{"rendered":"http:\/\/nova.pediatrie.upol.cz\/book\/?page_id=2"},"modified":"2021-02-28T16:09:32","modified_gmt":"2021-02-28T15:09:32","slug":"zkusebni-stranka","status":"publish","type":"page","link":"https:\/\/nova.pediatrie.upol.cz\/book\/","title":{"rendered":"Nov\u00e1 pedoatrie &#8211; Intro"},"content":{"rendered":"<table width=\"100%\">\n<tbody>\n<tr>\n<td>\n<h4 id=\"lightbox\">Vybran\u00e9 kapitoly z pediatrie<\/h4>\n<ul>\n<li>Elektronick\u00e1 u\u010debnice klinick\u00e9 pediatrie<\/li>\n<li>Aktualizovan\u00e9 a roz\u0161\u00ed\u0159en\u00e9 vyd\u00e1n\u00ed<\/li>\n<li>752 stran<\/li>\n<li>41 kapitol<\/li>\n<li>Dopln\u011bn\u00e9 vyd\u00e1n\u00ed 2013<\/li>\n<li>ISBN 978-80-244-3229-8<\/li>\n<li>Vydavatelstv\u00ed UP Olomouc<\/li>\n<\/ul>\n<\/td>\n<td width=\"200px\" align=center><a href=\"#\" class=\"_3d-flip-book  fb3d-link-lightbox-mode\" data-id=\"9\" data-mode=\"link-lightbox\" data-title=\"true\" data-template=\"short-white-book-view\" data-lightbox=\"dark\" data-urlparam=\"fb3d-page\" data-page-n=\"0\" data-pdf=\"\" data-tax=\"null\" data-thumbnail=\"\" data-cols=\"3\"><img decoding=\"async\" src=\"https:\/\/nova.pediatrie.upol.cz\/book\/wp-content\/uploads\/2021\/02\/MOTO-IKONA-BOOK.png\" alt=\"Intro\" width=\"199\" \/><br \/>\nePublikace &#8211; Full Screen<\/a><\/td>\n<\/tr>\n<\/tbody>\n<\/table>\n<p align=\"justify\">Elektronick\u00e1 u\u010debnice \u201eVybran\u00e9 kapitoly z\u00a0pediatrie \u2013 aktualizovan\u00e9 a\u00a0roz\u0161\u00ed\u0159en\u00e9 vyd\u00e1n\u00ed\u201c m\u00e1 studenty medic\u00edny a\u00a0mlad\u00e9 l\u00e9ka\u0159e v\u00e9st k\u00a0prohlouben\u00ed znalost\u00ed v\u00a0klinick\u00e9 pediatrii. Jsme si v\u011bdomi, \u017ee rozsah textu p\u0159esahuje informace nutn\u00e9 ke\u00a0zkou\u0161ce z\u00a0pediatrie na\u00a0l\u00e9ka\u0159sk\u00e9 fakult\u011b, proto u\u010ditel\u00e9 p\u0159i p\u0159edn\u00e1\u0161k\u00e1ch a\u00a0semin\u00e1\u0159\u00edch povedou mediky k\u00a0v\u00fdb\u011bru nezbytn\u00fdch a\u00a0nejd\u016fle\u017eit\u011bj\u0161\u00edch informac\u00ed.<\/p>\n<p align=\"justify\">Elektronick\u00e1 u\u010debnice je kolektivn\u00edm d\u00edlem pracovn\u00edk\u016f Kliniky d\u011btsk\u00e9ho l\u00e9ka\u0159stv\u00ed LF UP v\u00a0Olomouci a\u00a0jejich nejbli\u017e\u0161\u00edch mimo\u00fastavn\u00edch spolupracovn\u00edk\u016f. Jsou v\u00fdsledkem jejich vlastn\u00edch zku\u0161enost\u00ed z\u00a0ka\u017edodenn\u00ed pr\u00e1ce v\u00a0odborn\u00fdch ordinac\u00edch, u\u00a0l\u016f\u017eka\u00a0a\u00a0tak\u00e9\u00a0n\u011bkter\u00fdch poznatk\u016f jejich v\u00fdzkumn\u00fdch prac\u00ed.<\/p>\n<p align=\"justify\">Nem\u016f\u017eeme a\u00a0ani nechceme tvrdit, \u017ee pouze n\u00e1zory, kter\u00e9 jsme v\u00a0u\u010debnici formulovali, jsou spr\u00e1vn\u00e9. V\u017edy\u0165 pediatrie je obor tak rychle se rozv\u00edjej\u00edc\u00ed, \u017ee a\u017e se tyto vybran\u00e9 kapitoly dostanou do\u00a0rukou \u010dten\u00e1\u0159e, budou pravd\u011bpodobn\u011b n\u011bkter\u00e9 jejich stati ji\u017e \u010d\u00e1ste\u010dn\u011b zastaral\u00e9. P\u0159\u00e1n\u00edm v\u0161ech autor\u016f je, aby tato publikace p\u0159inesla medik\u016fm a\u00a0mlad\u00fdm l\u00e9ka\u0159\u016fm hlub\u0161\u00ed pozn\u00e1n\u00ed, a\u00a0t\u00edm p\u0159isp\u011bla ke\u00a0zlep\u0161en\u00ed l\u00e9\u010debn\u00fdch v\u00fdsledk\u016f u\u00a0nemocn\u00fdch d\u011bt\u00ed.<\/p>\n<ul>\n<li>Elektronick\u00e1 u\u010debnice ve form\u00e1tu\u00a0<strong>FLIPBOOK<\/strong>\u00a0&#8211; Listovac\u00ed digit\u00e1ln\u00ed u\u010debnice<\/li>\n<li>Poskytuje perfektn\u00ed zobrazen\u00ed p\u00edsma, vysok\u00fd komfort ovl\u00e1d\u00e1n\u00ed a podporu\u00a0<strong>multimedi\u00e1ln\u00edho obsahu &#8211; videosekvenc\u00ed.<\/strong><\/li>\n<li>Vedle online varianty elektronick\u00e9 u\u010debnice je k dispozici a ke sta\u017een\u00ed tak\u00e9\u00a0<strong>OFFLINE verze publikace<\/strong>\u00a0se v\u0161emi funkcionalitami<\/li>\n<li>Sta\u017eiteln\u00fd je i zdrojov\u00fd form\u00e1t publikace\u00a0<strong>PDF<\/strong><\/li>\n<li>Mo\u017enost<strong>\u00a0tisku\u00a0<\/strong>jak jednotliv\u00fdch list\u016f, tak cel\u00e9 u\u010debnice<\/li>\n<li>a dal\u0161\u00ed &#8230;<\/li>\n<\/ul>\n<p>&nbsp;<\/p>\n<hr \/>\n<p>&nbsp;<\/p>\n<div style=\"height: 50vh;\"><a href=\"https:\/\/nova.pediatrie.upol.cz\/book\/wp-content\/uploads\/2021\/02\/footer.png\"><img loading=\"lazy\" decoding=\"async\" class=\"aligncenter size-full wp-image-46\" src=\"https:\/\/nova.pediatrie.upol.cz\/book\/wp-content\/uploads\/2021\/02\/footer.png\" alt=\"\" width=\"960\" height=\"346\" srcset=\"https:\/\/nova.pediatrie.upol.cz\/book\/wp-content\/uploads\/2021\/02\/footer.png 960w, https:\/\/nova.pediatrie.upol.cz\/book\/wp-content\/uploads\/2021\/02\/footer-300x108.png 300w, https:\/\/nova.pediatrie.upol.cz\/book\/wp-content\/uploads\/2021\/02\/footer-768x277.png 768w, https:\/\/nova.pediatrie.upol.cz\/book\/wp-content\/uploads\/2021\/02\/footer-555x200.png 555w\" sizes=\"auto, (max-width: 960px) 100vw, 960px\" \/><\/a><\/div>\n<hr \/>\n<p>&nbsp;<\/p>\n","protected":false},"excerpt":{"rendered":"<p>Vybran\u00e9 kapitoly z pediatrie Elektronick\u00e1 u\u010debnice klinick\u00e9 pediatrie Aktualizovan\u00e9 a roz\u0161\u00ed\u0159en\u00e9 vyd\u00e1n\u00ed 752 stran 41 kapitol Dopln\u011bn\u00e9 vyd\u00e1n\u00ed 2013 ISBN 978-80-244-3229-8 Vydavatelstv\u00ed UP Olomouc Elektronick\u00e1 u\u010debnice \u201eVybran\u00e9 kapitoly z\u00a0pediatrie \u2013 aktualizovan\u00e9 a\u00a0roz\u0161\u00ed\u0159en\u00e9 vyd\u00e1n\u00ed\u201c m\u00e1 studenty medic\u00edny a\u00a0mlad\u00e9 l\u00e9ka\u0159e v\u00e9st k\u00a0prohlouben\u00ed znalost\u00ed v\u00a0klinick\u00e9 pediatrii. Jsme si v\u011bdomi, \u017ee rozsah textu p\u0159esahuje &hellip;<\/p>\n","protected":false},"author":1,"featured_media":0,"parent":0,"menu_order":0,"comment_status":"closed","ping_status":"open","template":"","meta":{"footnotes":"","_links_to":"","_links_to_target":""},"class_list":["post-2","page","type-page","status-publish","hentry"],"_links":{"self":[{"href":"https:\/\/nova.pediatrie.upol.cz\/book\/wp-json\/wp\/v2\/pages\/2","targetHints":{"allow":["GET"]}}],"collection":[{"href":"https:\/\/nova.pediatrie.upol.cz\/book\/wp-json\/wp\/v2\/pages"}],"about":[{"href":"https:\/\/nova.pediatrie.upol.cz\/book\/wp-json\/wp\/v2\/types\/page"}],"author":[{"embeddable":true,"href":"https:\/\/nova.pediatrie.upol.cz\/book\/wp-json\/wp\/v2\/users\/1"}],"replies":[{"embeddable":true,"href":"https:\/\/nova.pediatrie.upol.cz\/book\/wp-json\/wp\/v2\/comments?post=2"}],"version-history":[{"count":55,"href":"https:\/\/nova.pediatrie.upol.cz\/book\/wp-json\/wp\/v2\/pages\/2\/revisions"}],"predecessor-version":[{"id":194,"href":"https:\/\/nova.pediatrie.upol.cz\/book\/wp-json\/wp\/v2\/pages\/2\/revisions\/194"}],"wp:attachment":[{"href":"https:\/\/nova.pediatrie.upol.cz\/book\/wp-json\/wp\/v2\/media?parent=2"}],"curies":[{"name":"wp","href":"https:\/\/api.w.org\/{rel}","templated":true}]}}